8 + ((-651)/b)/(-1).
109
Suppose -8*d = -3*d - 275. Let x = 60 - d. Suppose 0*z - 80 = -x*z. List the prime factors of z.
2
Let z(c) = 82*c**2 - 8*c - 9. Let x = -579 + 583. What are the prime factors of z(x)?
31, 41
Suppose 4*p + 24162 = 8*p + 2*s, -2*p = -4*s - 12116. What are the prime factors of p?
2, 1511
What are the prime factors of 57802 - 37/((-259)/(-42))?
2, 14449
Let b(q) = -10*q - q**3 + 2*q**2 + 1 + 12 - q**2 + 2*q**2. Let t be b(6). Let j = t - -311. What are the prime factors of j?
2, 3, 13
Let i(c) = 395*c + 51. Let z be i(4). Suppose 0 = -5*o + h + z + 157, -4*h + 8 = 0. List the prime factors of o.
2, 179
Suppose 2*a - 5 - 47 = 0. Let m = 39 - a. Let k = -1 + m. What are the prime factors of k?
2, 3
Let a = -33 + 33. Suppose a = -4*f + f + 702. Suppose 6*k = 3*k + f. List the prime factors of k.
2, 3, 13
Suppose 0 = -p - 4 + 6. Let d be (-2 + 4)*(4 + -3)*p. Let k(y) = 23*y + 15. List the prime factors of k(d).
107
Let i = -382 + 430. Suppose -20*h - 18536 = -i*h. What are the prime factors of h?
2, 331
Let d = -243 + 521. Suppose 0 = 2*c + 4*q - d, -3*q = -4*c + 7*c - 411. Suppose -13*v = -16*v + c. What are the prime factors of v?
3, 5
Suppose 63*x - 65*x + 89872 = -j, 3*j = 5*x - 224678. What are the prime factors of x?
2, 22469
Let q be (-4)/(-1) + -9 + -8. Let v = 6 + q. List the prime factors of (-50)/((-4)/6 - (v + 7)).
3, 5
Suppose -3*k - 130 = 566. Let g be (3/((-6)/83))/((-1)/(-4)). Let o = g - k. List the prime factors of o.
2, 3, 11
Let a(v) = v**3 - 7*v**2 - 5*v. Let g(h) = -3*h**3 + 13*h**2 + 10*h. Let j(t) = -11*a(t) - 6*g(t). What are the prime factors of j(3)?
3, 5, 11
Let t = -141 - -143. Let p = -3 - -5. Suppose 2*h = -t*b + 182, -p*b + 158 = -5*h + 578. What are the prime factors of h?
2, 43
Let r be ((-105)/42)/((-2)/4). Suppose r*a + 1196 = -2044. List the prime factors of (7/(-4))/(18/a).
3, 7
Suppose 0 = -33*c + 27*c. Suppose c = 3*d + 2*x - 565, d = 2*x + x + 203. Let y = d + -127. List the prime factors of y.
2
Let h = -6113 + 21701. List the prime factors of h.
2, 3, 433
Let o(i) = -i**2 - 9*i - 14. Let t be o(-7). Let s be -1 + 2 + 12/4 + t. List the prime factors of -1 - (-6 + s) - -103.
2, 13
Suppose 3415 = 2*c - 3143. Let k = -1594 + c. What are the prime factors of k?
5, 337
Let g = -395 + 403. What are the prime factors of (3762/g + 0)*72/27?
2, 3, 11, 19
Let w(g) = -13070*g + 1036. List the prime factors of w(-5).
2, 19, 1747
Let y = -1149 - -2224. What are the prime factors of y?
5, 43
Let s be 984/40 + 3/(-5). Suppose -11*y = 3637 - 31973. Suppose y = s*x - 8*x. List the prime factors of x.
7, 23
Let u(a) = 5*a + 4. Suppose 0 = -r - 4*d + 2, r = -0*r + 4*d + 2. Let m be u(r). Suppose -m = -2*s + 156. List the prime factors of s.
5, 17
Suppose -2*m + 13*m - 66 = 0. Suppose -k + 84 = m*k. What are the prime factors of k?
2, 3
Let r(t) = -2*t**2 + 8*t + 6. Let w be r(-5). Suppose -u - 1 = -4*l - 10, 2*l = -3*u + 13. Let i = l - w. List the prime factors of i.
83
Suppose -15*k + 10 = -35. Suppose -3*p = 4*h + p - 1296, -k*p = -5*h + 1636. List the prime factors of h.
2, 163
Let q(o) = -1. Let g(p) = -3*p + 2. Let i(h) = -g(h) - 4*q(h). Let z(s) = -50*s - 35. Let y(t) = 70*i(t) + 4*z(t). List the prime factors of y(10).
2, 5
Suppose 34*v - 187754 - 81383 = -49089. List the prime factors of v.
2, 809
Suppose 0 = -6*x - 432 + 1608. Suppose 5*g + 2*j - 268 = 0, -5*j - x = -4*g + 25. Suppose 3*q - q + 2*v = g, q - 25 = v. List the prime factors of q.
2, 13
Let p = -110 - -187. Let l = p - 85. What are the prime factors of (l/(-12))/((-3)/(-261))?
2, 29
Suppose 104*v + 88560 = 108*v. Suppose v = -102*y + 122*y. List the prime factors of y.
3, 41
Suppose 4*a + 4*b + b = 117, 4*a = -2*b + 114. Suppose -f + a = -42. What are the prime factors of f?
2, 5, 7
Suppose -2*c - 24 = -4*a + 54, 5*c + 105 = 5*a. Let v(l) = 52*l - 101. What are the prime factors of v(a)?
5, 167
List the prime factors of 116195/20 - 792/288.
5807
Let w = -308 + 178. Let x = -27 - w. List the prime factors of x.
103
Let w(f) = 18*f - 1. Let t(o) = -o**3 + 14*o**2 - 23*o - 14. Let x be t(12). Let j be w(x). List the prime factors of (j/(-2))/(4/(-8)*-1).
37
Let d be (6 + 54/(-4))*22. Let f = d + 564. List the prime factors of f.
3, 7, 19
Let k(c) = 35*c**3 + 6*c**2 + 14*c - 36. Let v be k(4). Let r = -1245 + v. What are the prime factors of r?
11, 101
Let l(o) = o**2 + 2*o - 18. Let i(m) = -m + 11. Let n be i(11). Let x be l(n). List the prime factors of (-2316)/x - 2/(-6).
3, 43
Let s(i) = -1381*i - 826. List the prime factors of s(-27).
19, 101
Suppose 550 = 5*p - 0*p. Suppose 2374 = -10*j + 7114. Suppose -h + 3*a = -p, 3*h = -2*h - 4*a + j. What are the prime factors of h?
2, 7
Suppose -31688 = -19*a + 31620. What are the prime factors of a?
2, 7, 17
Let t be (-5)/((1/(-1))/(-115)). Let b = 1133 + t. What are the prime factors of b?
2, 3, 31
Let v be (0/(-2))/(-10 - -9). Suppose v = -a + 8*a. Suppose a*m + 3*m - 123 = 0. List the prime factors of m.
41
Suppose -5*r + 24 = -71. Let z = 13 - r. Let u(q) = -3*q**3 - 11*q**2 - 3*q + 19. What are the prime factors of u(z)?
17
Let c = 1933 - -11790. What are the prime factors of c?
13723
Let y be (-3 - -5) + 310*(-2 - -3). Suppose -4*h + y = -376. Suppose 0 = 4*v - h + 8. What are the prime factors of v?
41
Let n = 30879 + -21398. List the prime factors of n.
19, 499
Suppose 48 + 40 = 4*f. Suppose 4*x - x = 2*v, -v - 4*x = f. What are the prime factors of (2/v)/(10/(-3390))?
113
Let a = 4672 + 696. List the prime factors of a.
2, 11, 61
Suppose -53*r + 28084 = -46*r. List the prime factors of r.
2, 17, 59
Let r(j) = -j**3 - 3*j**2 - 4*j + 6. Let b be r(-5). Let t(s) = s**2 + 2*s + 26. Let n be t(-6). Let m = b - n. What are the prime factors of m?
2, 13
Suppose -10*f = -3*f - 35. Suppose -f*b = -5*r - 290, -2*b + 3*r = -6*b + 211. List the prime factors of b.
5, 11
Let p = -19337 + 64038. What are the prime factors of p?
44701
Suppose -50 + 14 = -4*x. Suppose x*g - 2346 = 1848. List the prime factors of g.
2, 233
Suppose 4*h = 2 - 18, -5 = l - 2*h. Let k be ((-1444)/(-57))/(1/(-3)). Let x = l - k. What are the prime factors of x?
3, 7
Suppose -27181 - 9864 = -5*q. What are the prime factors of q?
31, 239
Suppose -7*k - 302 = 48. Let m(o) = -29*o - 272. List the prime factors of m(k).
2, 19, 31
Let s(l) = 5*l**2 + 9*l - 1663. List the prime factors of s(83).
33529
Let b be (-8)/(-3)*(-24)/16. What are the prime factors of 506 - ((-12)/(-4) + b)?
3, 13
Let w(b) = 2435*b**2 + 183*b + 565. List the prime factors of w(-3).
7, 13, 241
Suppose 10*w = 9*w + 45. Let z = -42 + w. Suppose 59 = 5*k - l, 4*l = l + z. What are the prime factors of k?
2, 3
Let c(m) = 6*m - 98. Let j be c(17). What are the prime factors of 6/j*(-2796)/(-18) - -2?
5, 47
Let p be (-57)/(-19) - 0/(-1). Suppose -2*z - 5 + p = -4*v, 0 = 5*v - 5. What are the prime factors of z/((-21)/(-9)) + (-800)/(-28)?
29
Let v be 2/7 - 69/21 - 279. Let f = 165 - v. List the prime factors of f.
3, 149
Suppose -1323*r = -1318*r - 330. Suppose 76*a = r*a + 15460. List the prime factors of a.
2, 773
Let h(o) = 47*o**2 - o + 57. Let p be h(13). Suppose 10973 = 24*g - p. What are the prime factors of g?
2, 5, 79
Let q(l) = -722*l + 1736. What are the prime factors of q(-24)?
2, 2383
What are the prime factors of (-15)/(675/(-687990)) - ((-16)/(-6) - 2)?
2, 3, 7, 13
Suppose -19*h - 45 - 69 = 0. What are the prime factors of (((-2)/3)/(-1))/(h/(-3771))?
419
Let j(m) = 716*m + 339. What are the prime factors of j(16)?
5, 7, 337
Let f be (8/6)/(7/21). Let n be (9 + -283)*2/f. Let h = -101 - n. List the prime factors of h.
2, 3
Let l = -7162 + 556. List the prime factors of 2/6 - l/27.
5, 7
Let d(l) = -3*l + 23. Let a(k) = -7*k + 44. Let c(f) = -2*a(f) + 5*d(f). List the prime factors of c(-10).
37
Let t(b) = -22*b - 55. Let s = 265 + -273. List the prime factors of t(s).
11
Suppose l - 3*l + 4*i = -2546, 0 = 2*l - 3*i - 2548. Let h = l - 912. What are the prime factors of h?
5, 73
Suppose 9*b = 2*b - 630. Let h = b - -138. Suppose -2*l = -5*t - 93 - h, l - 5*t - 58 = 0. What are the prime factors of l?
83
Let v(t) = 1559*t + 1366. List the prime factors of v(11).
5, 7, 23
Let b = 25 + -27. Let t be (58/(-145))/(b/(-40)*2). List the prime fa